{"id":6279,"date":"2014-12-08T11:19:31","date_gmt":"2014-12-08T14:19:31","guid":{"rendered":"http:\/\/astroentrerios.com.ar\/web\/?page_id=6279"},"modified":"2014-12-08T11:28:05","modified_gmt":"2014-12-08T14:28:05","slug":"siguiendo-al-arsat-1","status":"publish","type":"page","link":"https:\/\/astroentrerios.com.ar\/web\/siguiendo-al-arsat-1\/","title":{"rendered":"Siguiendo al ARSAT 1"},"content":{"rendered":"<p>En la siguiente ventana, podr\u00e1 visualizar la posici\u00f3n del sat\u00e9lite ARSAT 1 respecto de nuestro planeta.<\/p>\n<div align=\"center\">\n<iframe loading=\"lazy\" style=\"width: 900px; height: 900px; border: none;\" src=\"http:\/\/www.satflare.com\/iss\/?q=40272&amp;msgb=0&amp;drag=1\" width=\"900\" height=\"900\" frameborder=\"0\"><br \/>\n<\/iframe>\n<\/div>\n","protected":false},"excerpt":{"rendered":"<p>En la siguiente ventana, podr\u00e1 visualizar la posici\u00f3n del sat\u00e9lite ARSAT 1 respecto de nuestro planeta.<\/p>\n","protected":false},"author":1,"featured_media":0,"parent":0,"menu_order":0,"comment_status":"open","ping_status":"closed","template":"","meta":{"footnotes":""},"class_list":["post-6279","page","type-page","status-publish","hentry"],"_links":{"self":[{"href":"https:\/\/astroentrerios.com.ar\/web\/wp-json\/wp\/v2\/pages\/6279","targetHints":{"allow":["GET"]}}],"collection":[{"href":"https:\/\/astroentrerios.com.ar\/web\/wp-json\/wp\/v2\/pages"}],"about":[{"href":"https:\/\/astroentrerios.com.ar\/web\/wp-json\/wp\/v2\/types\/page"}],"author":[{"embeddable":true,"href":"https:\/\/astroentrerios.com.ar\/web\/wp-json\/wp\/v2\/users\/1"}],"replies":[{"embeddable":true,"href":"https:\/\/astroentrerios.com.ar\/web\/wp-json\/wp\/v2\/comments?post=6279"}],"version-history":[{"count":0,"href":"https:\/\/astroentrerios.com.ar\/web\/wp-json\/wp\/v2\/pages\/6279\/revisions"}],"wp:attachment":[{"href":"https:\/\/astroentrerios.com.ar\/web\/wp-json\/wp\/v2\/media?parent=6279"}],"curies":[{"name":"wp","href":"https:\/\/api.w.org\/{rel}","templated":true}]}}